 - 2*b**2 - 25*b. Let k be p(t). What is the greatest common factor of k and 119?
17
Let g = 148 - 106. Let n = g + -35. Calculate the greatest common factor of 91 and n.
7
Suppose x = 6*o - 7*o + 9, 2*o + 45 = 7*x. What is the highest common divisor of x and 707?
7
Let w(r) = 366*r - 7778. Let g be w(27). What is the greatest common factor of 24 and g?
8
Let y(n) = n - 1. Let j(p) = -6*p + 2. Let w(l) = j(l) + 4*y(l). Let d be 86/(-6) - (-47)/141. Let b be w(d). What is the greatest common divisor of b and 52?
26
Suppose 74 - 155 = -9*r. Suppose 223 + 101 = r*o. Suppose -6*t + 22 = -140. What is the greatest common factor of o and t?
9
Let m(g) = -153*g + 7. Let o be m(-1). Let s be -168*(o/(-56) + 2). Calculate the highest common factor of s and 64.
16
Suppose -22*m + 50*m - 240 = 20*m. Calculate the greatest common divisor of m and 30630.
30
Let u be 0 - 80/(-38) - 4/38. Suppose 4*b - 25 = u*l - 79, -5*l + 90 = 5*b. Calculate the highest common divisor of 7 and l.
7
Let v be (-4)/14 + (-357)/(-49). Suppose v*s = 5*s + 90. Let t = 75 - s. Calculate the highest common divisor of 120 and t.
30
Let h be 6550 - 14/(28/(-4)). Suppose 0 = -i + 14*i - h. What is the greatest common divisor of i and 56?
56
Let c = -3036 + 3064. Let x be (-6)/(3 + -2) - 2. Let y be (-130)/(-18) + x/36. What is the greatest common divisor of c and y?
7
Suppose 0 = 2*g + 5*u - 157, 0 = 5*g + 2*u - 7*u - 340. Let y be 30/(-12)*99/((-25)/(-20)*6). Let t = y + g. What is the greatest common divisor of 57 and t?
19
Suppose 4*w - 3*i - 7 = -30, 2*i - 14 = 2*w. Let q be w/(-6) + (-202)/(-6). Let n be 0 + 767/9 - (-70)/(-315). What is the highest common divisor of q and n?
17
Let p be (-8)/6*(-1647)/(-6). Let c = p + 457. What is the greatest common divisor of 26 and c?
13
Let b be (-61269)/(-312) + (-3)/8. What is the greatest common divisor of 1078 and b?
98
Let j be 1*-4 - (-20 - -10) - 1. Suppose -2*z - 45 = -q + 92, 0 = -q - j*z + 130. Calculate the highest common divisor of 5 and q.
5
Let z(q) = 106*q**2 + 55*q - 57. Let x be z(1). Calculate the greatest common divisor of x and 24856.
104
Let f(r) = -6*r**2 + 252*r - 4. Let l be f(41). Calculate the highest common factor of l and 11.
11
Suppose 5*h - 398 = -c, -3*h - 9 = 6. Let l = 5091 - 5044. Calculate the greatest common divisor of c and l.
47
Let l be (-427)/(-21) + (-2)/(-3). Let o = -4234 - -4633. What is the highest common factor of o and l?
21
Let s(o) = -o**2 - 2*o + 10. Let b be s(0). Let n be 1 + 19 - (10 - b). Let l be n/15*-3 + 252. What is the highest common factor of 31 and l?
31
Suppose -49 = 5*o + 2*y + 1, -5*y = 3*o + 49. Let h(j) = 2*j + 21. Let k be h(o). Let i = 34 - k. What is the highest common divisor of 232 and i?
29
Let k(g) = g**3 + 20*g**2 - 5*g + 40. Let m be k(-20). Let n be (-6)/(-15) + (-4 - (-4590)/25). Calculate the highest common factor of m and n.
20
Let a = -246 + 257. Let h be 1 - (-26)/(-22) - (-222)/a. What is the highest common factor of 140 and h?
20
Let g(s) = -s**2 + 64*s + 11. Let u be g(62). What is the highest common factor of u and 60?
15
Let h = 31 - -514. Let p = h - 417. Calculate the highest common divisor of p and 4.
4
Let i be 5 - -2843 - -1 - (4 - 8). Calculate the greatest common divisor of i and 9.
9
Suppose -10*w = -9*w + 4. Let p be (2 - w)*4/3 - 0. Let v be 0 + -2 + 0 + 42. Calculate the highest common divisor of v and p.
8
Let o(q) = 4*q**2 - 5*q + 7. Let j be o(9). Let n = 1 + 56. Let b = n + -31. What is the greatest common divisor of j and b?
26
Suppose -14*z + 13*z + 49032 = 17*z. What is the greatest common divisor of 24 and z?
12
Suppose t - 5 = -10, -3*a = 3*t - 54. Let b be a/((-483)/490)*-6. What is the highest common factor of b and 490?
70
Let v(n) = 126*n**3 + 3*n**2 + 4*n - 8. Let d be v(5). Let u be d/6 - (9/6 - 2). Let c be ((-6)/(-5))/(16/u). Calculate the greatest common divisor of 18 and c.
18
Let k(a) = -a - 6*a + 24 + 3*a**3 + 27*a**2 - a**3 - 12. Let b be k(-13). What is the greatest common factor of b and 34?
34
Let m be (-393)/(-6)*4 + -2. Let y = 15352 + -15312. What is the highest common factor of y and m?
20
Let j(d) = -29*d - 1. Let k be j(-7). Suppose 0 = -5*u + 48 + k. Let r be (-3)/(-5) - 97/(-5). Calculate the greatest common divisor of u and r.
10
Suppose -2*j - 5*j = -294. Let g = -87 + j. Let v be (-10)/g*6/4*12. Calculate the greatest common divisor of v and 76.
4
Suppose -5*g - u + 54 = 3*u, 4*u = 2*g - 16. Suppose -c + 3*k + 183 = c, 0 = c - k - 91. What is the greatest common factor of c and g?
10
Let q be 10*(5 + 12/(-20)). Calculate the highest common divisor of q and 187.
11
Let g(j) = 158*j + 469. Let r be g(-2). Calculate the highest common factor of 85 and r.
17
Suppose -3*r - 42 = -36, i + 3 = -r. Suppose -2*f - 2 = -0. Let g be 98 + (-3 - i) - (-2 + f). What is the greatest common divisor of g and 9?
9
Suppose 19*n - 3*w = 15*n + 116, -3*w = n + 1. What is the greatest common factor of n and 2783?
23
Let f(m) = 2*m**2 + 38*m - 39. Let a be f(8). Calculate the highest common factor of a and 2227.
131
Let m be 7893/54 + -47 - (1 + (-10)/12). What is the greatest common factor of m and 3729?
33
Let w(a) = 15*a - 3. Let k be w(9). Let o be (-276)/(-10) + 6*3/45. Suppose o*u + 96 = 36*u. What is the highest common factor of u and k?
12
Let k(n) = 774*n**2 - 14*n - 11. Let d be k(-1). Calculate the greatest common factor of d and 147.
21
Suppose 0 = 19*m - 28*m + 27. Suppose -152 = -m*x - 149. Calculate the greatest common factor of x and 2.
1
Suppose 0 = 8*m - 10*m - 260. Let h = -115 - m. What is the highest common divisor of h and 6?
3
Let z = 3049 + -3036. Calculate the highest common factor of z and 5226.
13
Let n(p) = -13*p - 97. Let q(j) = -39*j - 293. Let i(g) = 7*n(g) - 2*q(g). Let u be i(-10). What is the highest common divisor of u and 1295?
37
Suppose 0 = -2*w - 4*n + 206, 4*w = 226*n - 222*n + 352. Calculate the greatest common divisor of 12183 and w.
93
Suppose -2*w - 39456 = -139*w. Calculate the highest common factor of w and 992.
32
Suppose 135 = -9*w + 315. What is the highest common factor of w and 730?
10
Suppose 0 = 5*a - t - 153 - 592, -2*t + 610 = 4*a. Calculate the greatest common factor of a and 390.
30
Let t(s) = -s**2 + 23*s - 2. Let x = 18 - -2. Let y be t(x). Let j = y - -8. What is the greatest common factor of j and 11?
11
Suppose -11*t + 1401 = -62. What is the greatest common divisor of 56 and t?
7
Let l be ((-106)/159)/((-4)/8946). Calculate the highest common factor of l and 21.
21
Suppose 0 = -18*t + 19*t - 3. Suppose 2*n + t - 9 = 0. Suppose 0*b + 350 = n*p + 2*b, -2*b = 5*p - 590. Calculate the greatest common divisor of p and 48.
24
Let v(z) = -z**3 + 14*z**2 + 15*z + 57. Let b be (5 - -6)*2/2. Let g be v(b). What is the highest common factor of g and 30?
15
Suppose -a - 1389 = -k, 50*k + 4134 = 53*k + 8*a. Calculate the greatest common divisor of k and 189.
63
Suppose -260*n - 2418 = -291*n. Suppose 4*w = 5*i - 27, 3*w + 15 + 9 = 5*i. Let h be n + -2 + i + 12/(-3). What is the highest common factor of 30 and h?
15
Let u = 5318 + -5246. Calculate the greatest common divisor of u and 1872.
72
Let d be 100/(-15)*21/(-4)*23. What is the greatest common factor of 1288 and d?
161
Let v = -8266 - -8287. What is the greatest common divisor of v and 246?
3
Let v be -40*(1305/(-75) + 17). What is the greatest common divisor of 568 and v?
8
Suppose 5*o + 406 = -y, -4*o + o - 3*y = 246. Let i = o - -105. Calculate the highest common factor of i and 204.
12
Let m(c) = 4*c - 5. Let a be m(-3). Let j be (6/2)/(a/(-306)). Suppose -41 - j = -b - 4*l, 2*b = -5*l + 193. What is the greatest common divisor of 11 and b?
11
Suppose c - 6 = j, 0 = -3*j - 6*c + 2*c + 3. Let w be ((-20)/6 - -2)*j. Calculate the greatest common factor of 36 and w.
4
Let o(g) = -g + 6. Let t be o(5). Let r = -221 + 270. Let y be (-40)/(-14)*r/14. Calculate the greatest common divisor of y and t.
1
Let g be -2*617/(-1) + -6. Suppose 164 = -19*f + g. Calculate the greatest common factor of 8 and f.
8
Suppose 5*x = 2*y - 54, -475*x = 5*y - 473*x - 193. What is the highest common factor of 37 and y?
37
Let o(y) = 11*y + 165. Suppose -3*j + 2*j + 4*q = 0, q + 51 = -4*j. Let x be o(j). Calculate the greatest common factor of 